{"id":5425,"date":"2026-05-12T09:55:51","date_gmt":"2026-05-12T09:55:51","guid":{"rendered":"https:\/\/szpitalpinczow.pl\/?page_id=5425"},"modified":"2026-05-12T09:55:51","modified_gmt":"2026-05-12T09:55:51","slug":"zyczenia-z-okazji-miedzynarodowego-dnia-pielegniarek-i-poloznych","status":"publish","type":"page","link":"https:\/\/szpitalpinczow.pl\/?page_id=5425","title":{"rendered":"\u017byczenia z okazji Mi\u0119dzynarodowego Dnia Piel\u0119gniarek i Po\u0142o\u017cnych"},"content":{"rendered":"\n<figure class=\"wp-block-gallery has-nested-images columns-default is-cropped wp-block-gallery-1 is-layout-flex\">\n<figure class=\"wp-block-image size-large\"><img data-attachment-id=\"5426\" data-permalink=\"https:\/\/szpitalpinczow.pl\/?attachment_id=5426\" data-orig-file=\"https:\/\/i1.wp.com\/szpitalpinczow.pl\/wp-content\/uploads\/2026\/05\/zyczenia.png?fit=1086%2C1448&amp;ssl=1\" data-orig-size=\"1086,1448\" data-comments-opened=\"1\" data-image-meta=\"{&quot;aperture&quot;:&quot;0&quot;,&quot;credit&quot;:&quot;&quot;,&quot;camera&quot;:&quot;&quot;,&quot;caption&quot;:&quot;&quot;,&quot;created_timestamp&quot;:&quot;0&quot;,&quot;copyright&quot;:&quot;&quot;,&quot;focal_length&quot;:&quot;0&quot;,&quot;iso&quot;:&quot;0&quot;,&quot;shutter_speed&quot;:&quot;0&quot;,&quot;title&quot;:&quot;&quot;,&quot;orientation&quot;:&quot;0&quot;}\" data-image-title=\"zyczenia\" data-image-description=\"\" data-medium-file=\"https:\/\/i1.wp.com\/szpitalpinczow.pl\/wp-content\/uploads\/2026\/05\/zyczenia.png?fit=225%2C300&amp;ssl=1\" data-large-file=\"https:\/\/i1.wp.com\/szpitalpinczow.pl\/wp-content\/uploads\/2026\/05\/zyczenia.png?fit=640%2C853&amp;ssl=1\" decoding=\"async\" loading=\"lazy\" width=\"1086\" height=\"1448\" data-id=\"5426\"  src=\"https:\/\/i1.wp.com\/szpitalpinczow.pl\/wp-content\/uploads\/2026\/05\/zyczenia.png?fit=640%2C853&amp;ssl=1\" alt=\"\" class=\"wp-image-5426\" srcset=\"https:\/\/i1.wp.com\/szpitalpinczow.pl\/wp-content\/uploads\/2026\/05\/zyczenia.png?w=1086&amp;ssl=1 1086w, https:\/\/i1.wp.com\/szpitalpinczow.pl\/wp-content\/uploads\/2026\/05\/zyczenia.png?resize=225%2C300&amp;ssl=1 225w, https:\/\/i1.wp.com\/szpitalpinczow.pl\/wp-content\/uploads\/2026\/05\/zyczenia.png?resize=768%2C1024&amp;ssl=1 768w, https:\/\/i1.wp.com\/szpitalpinczow.pl\/wp-content\/uploads\/2026\/05\/zyczenia.png?resize=203%2C270&amp;ssl=1 203w\" sizes=\"(max-width: 640px) 100vw, 640px\" \/><\/figure>\n<\/figure>\n","protected":false},"excerpt":{"rendered":"","protected":false},"author":1,"featured_media":0,"parent":0,"menu_order":0,"comment_status":"closed","ping_status":"closed","template":"","meta":[],"_links":{"self":[{"href":"https:\/\/szpitalpinczow.pl\/index.php?rest_route=\/wp\/v2\/pages\/5425"}],"collection":[{"href":"https:\/\/szpitalpinczow.pl\/index.php?rest_route=\/wp\/v2\/pages"}],"about":[{"href":"https:\/\/szpitalpinczow.pl\/index.php?rest_route=\/wp\/v2\/types\/page"}],"author":[{"embeddable":true,"href":"https:\/\/szpitalpinczow.pl\/index.php?rest_route=\/wp\/v2\/users\/1"}],"replies":[{"embeddable":true,"href":"https:\/\/szpitalpinczow.pl\/index.php?rest_route=%2Fwp%2Fv2%2Fcomments&post=5425"}],"version-history":[{"count":1,"href":"https:\/\/szpitalpinczow.pl\/index.php?rest_route=\/wp\/v2\/pages\/5425\/revisions"}],"predecessor-version":[{"id":5427,"href":"https:\/\/szpitalpinczow.pl\/index.php?rest_route=\/wp\/v2\/pages\/5425\/revisions\/5427"}],"wp:attachment":[{"href":"https:\/\/szpitalpinczow.pl\/index.php?rest_route=%2Fwp%2Fv2%2Fmedia&parent=5425"}],"curies":[{"name":"wp","href":"https:\/\/api.w.org\/{rel}","templated":true}]}}