{"id":5421,"date":"2026-05-12T09:54:23","date_gmt":"2026-05-12T09:54:23","guid":{"rendered":"https:\/\/szpitalpinczow.pl\/?page_id=5421"},"modified":"2026-05-12T09:54:24","modified_gmt":"2026-05-12T09:54:24","slug":"ogloszenie-o-prace-anestezjolodzy","status":"publish","type":"page","link":"https:\/\/szpitalpinczow.pl\/?page_id=5421","title":{"rendered":"Og\u0142oszenie o prac\u0119 \u2013 Anestezjolodzy"},"content":{"rendered":"\n<p>Dyrekcja Zespo\u0142u Opieki Zdrowotnej w Pi\u0144czowie zatrudni Lekarzy Anestezjolog\u00f3w<\/p>\n\n\n\n<p>Dodatkowe informacje mo\u017cna uzyska\u0107 pod numerami telefon\u00f3w : 41 357 30 31 wew. 501 pod adresem e-mail sekretariat@szpitalpinczow.pl lub bezpo\u015brednio w Sekretariacie Szpitala.<\/p>\n\n\n\n<figure class=\"wp-block-gallery has-nested-images columns-default is-cropped wp-block-gallery-1 is-layout-flex\">\n<figure class=\"wp-block-image size-large\"><img data-attachment-id=\"5422\" data-permalink=\"https:\/\/szpitalpinczow.pl\/?attachment_id=5422\" data-orig-file=\"https:\/\/i2.wp.com\/szpitalpinczow.pl\/wp-content\/uploads\/2026\/05\/ogloszenie-anestezjolodzy.png?fit=1536%2C1024&amp;ssl=1\" data-orig-size=\"1536,1024\" data-comments-opened=\"1\" data-image-meta=\"{&quot;aperture&quot;:&quot;0&quot;,&quot;credit&quot;:&quot;&quot;,&quot;camera&quot;:&quot;&quot;,&quot;caption&quot;:&quot;&quot;,&quot;created_timestamp&quot;:&quot;0&quot;,&quot;copyright&quot;:&quot;&quot;,&quot;focal_length&quot;:&quot;0&quot;,&quot;iso&quot;:&quot;0&quot;,&quot;shutter_speed&quot;:&quot;0&quot;,&quot;title&quot;:&quot;&quot;,&quot;orientation&quot;:&quot;0&quot;}\" data-image-title=\"ogloszenie-anestezjolodzy\" data-image-description=\"\" data-medium-file=\"https:\/\/i2.wp.com\/szpitalpinczow.pl\/wp-content\/uploads\/2026\/05\/ogloszenie-anestezjolodzy.png?fit=300%2C200&amp;ssl=1\" data-large-file=\"https:\/\/i2.wp.com\/szpitalpinczow.pl\/wp-content\/uploads\/2026\/05\/ogloszenie-anestezjolodzy.png?fit=640%2C427&amp;ssl=1\" decoding=\"async\" loading=\"lazy\" width=\"1536\" height=\"1024\" data-id=\"5422\"  src=\"https:\/\/i2.wp.com\/szpitalpinczow.pl\/wp-content\/uploads\/2026\/05\/ogloszenie-anestezjolodzy.png?fit=640%2C427&amp;ssl=1\" alt=\"\" class=\"wp-image-5422\" srcset=\"https:\/\/i2.wp.com\/szpitalpinczow.pl\/wp-content\/uploads\/2026\/05\/ogloszenie-anestezjolodzy.png?w=1536&amp;ssl=1 1536w, https:\/\/i2.wp.com\/szpitalpinczow.pl\/wp-content\/uploads\/2026\/05\/ogloszenie-anestezjolodzy.png?resize=300%2C200&amp;ssl=1 300w, https:\/\/i2.wp.com\/szpitalpinczow.pl\/wp-content\/uploads\/2026\/05\/ogloszenie-anestezjolodzy.png?resize=1024%2C683&amp;ssl=1 1024w, https:\/\/i2.wp.com\/szpitalpinczow.pl\/wp-content\/uploads\/2026\/05\/ogloszenie-anestezjolodzy.png?resize=768%2C512&amp;ssl=1 768w, https:\/\/i2.wp.com\/szpitalpinczow.pl\/wp-content\/uploads\/2026\/05\/ogloszenie-anestezjolodzy.png?resize=360%2C240&amp;ssl=1 360w, https:\/\/i2.wp.com\/szpitalpinczow.pl\/wp-content\/uploads\/2026\/05\/ogloszenie-anestezjolodzy.png?w=1280 1280w\" sizes=\"(max-width: 640px) 100vw, 640px\" \/><\/figure>\n<\/figure>\n","protected":false},"excerpt":{"rendered":"<p>Dyrekcja Zespo\u0142u Opieki Zdrowotnej w Pi\u0144czowie zatrudni Lekarzy Anestezjolog\u00f3w Dodatkowe informacje mo\u017cna uzyska\u0107 pod numerami telefon\u00f3w : 41 357 30 31 wew. 501 pod adresem e-mail sekretariat@szpitalpinczow.pl lub bezpo\u015brednio w Sekretariacie Szpitala.<\/p>\n","protected":false},"author":1,"featured_media":0,"parent":0,"menu_order":0,"comment_status":"closed","ping_status":"closed","template":"","meta":[],"_links":{"self":[{"href":"https:\/\/szpitalpinczow.pl\/index.php?rest_route=\/wp\/v2\/pages\/5421"}],"collection":[{"href":"https:\/\/szpitalpinczow.pl\/index.php?rest_route=\/wp\/v2\/pages"}],"about":[{"href":"https:\/\/szpitalpinczow.pl\/index.php?rest_route=\/wp\/v2\/types\/page"}],"author":[{"embeddable":true,"href":"https:\/\/szpitalpinczow.pl\/index.php?rest_route=\/wp\/v2\/users\/1"}],"replies":[{"embeddable":true,"href":"https:\/\/szpitalpinczow.pl\/index.php?rest_route=%2Fwp%2Fv2%2Fcomments&post=5421"}],"version-history":[{"count":1,"href":"https:\/\/szpitalpinczow.pl\/index.php?rest_route=\/wp\/v2\/pages\/5421\/revisions"}],"predecessor-version":[{"id":5423,"href":"https:\/\/szpitalpinczow.pl\/index.php?rest_route=\/wp\/v2\/pages\/5421\/revisions\/5423"}],"wp:attachment":[{"href":"https:\/\/szpitalpinczow.pl\/index.php?rest_route=%2Fwp%2Fv2%2Fmedia&parent=5421"}],"curies":[{"name":"wp","href":"https:\/\/api.w.org\/{rel}","templated":true}]}}