{"id":56,"date":"2018-02-01T12:15:41","date_gmt":"2018-02-01T12:15:41","guid":{"rendered":"http:\/\/szpitalpinczow.pl\/?page_id=56"},"modified":"2018-02-06T09:08:58","modified_gmt":"2018-02-06T09:08:58","slug":"statut","status":"publish","type":"page","link":"http:\/\/szpitalpinczow.pl\/?page_id=56","title":{"rendered":"Informacje Og\u00f3lne"},"content":{"rendered":"<h1 class=\"page-header\">Informacje Og\u00f3lne<\/h1>\n<p><img data-attachment-id=\"217\" data-permalink=\"http:\/\/szpitalpinczow.pl\/?attachment_id=217\" data-orig-file=\"https:\/\/i0.wp.com\/szpitalpinczow.pl\/wp-content\/uploads\/2018\/02\/szpital1.jpg?fit=640%2C272\" data-orig-size=\"640,272\" data-comments-opened=\"1\" data-image-meta=\"{&quot;aperture&quot;:&quot;0&quot;,&quot;credit&quot;:&quot;&quot;,&quot;camera&quot;:&quot;&quot;,&quot;caption&quot;:&quot;&quot;,&quot;created_timestamp&quot;:&quot;0&quot;,&quot;copyright&quot;:&quot;&quot;,&quot;focal_length&quot;:&quot;0&quot;,&quot;iso&quot;:&quot;0&quot;,&quot;shutter_speed&quot;:&quot;0&quot;,&quot;title&quot;:&quot;&quot;,&quot;orientation&quot;:&quot;0&quot;}\" data-image-title=\"szpital1\" data-image-description=\"\" data-medium-file=\"https:\/\/i0.wp.com\/szpitalpinczow.pl\/wp-content\/uploads\/2018\/02\/szpital1.jpg?fit=300%2C128\" data-large-file=\"https:\/\/i0.wp.com\/szpitalpinczow.pl\/wp-content\/uploads\/2018\/02\/szpital1.jpg?fit=640%2C272\" decoding=\"async\" loading=\"lazy\" class=\"wp-image-217 size-full aligncenter\" src=\"https:\/\/i0.wp.com\/szpitalpinczow.pl\/wp-content\/uploads\/2018\/02\/szpital1.jpg?resize=640%2C272\" alt=\"\" width=\"640\" height=\"272\" srcset=\"https:\/\/i0.wp.com\/szpitalpinczow.pl\/wp-content\/uploads\/2018\/02\/szpital1.jpg?w=640 640w, https:\/\/i0.wp.com\/szpitalpinczow.pl\/wp-content\/uploads\/2018\/02\/szpital1.jpg?resize=300%2C128 300w, https:\/\/i0.wp.com\/szpitalpinczow.pl\/wp-content\/uploads\/2018\/02\/szpital1.jpg?resize=118%2C50 118w\" sizes=\"(max-width: 640px) 100vw, 640px\" data-recalc-dims=\"1\" \/><\/p>\n<div class=\"field field-name-body field-type-text-with-summary field-label-hidden\">\n<div class=\"field-items\">\n<div class=\"field-item even\">\n<h4 class=\"rtecenter\" style=\"text-align: center;\"><strong>\u00a0Zesp\u00f3\u0142 Opieki Zdrowotnej w Pi\u0144czowie<\/strong><\/h4>\n<p class=\"rtecenter\" style=\"text-align: center;\">ul. Armii Krajowej 22, 28-400 Pi\u0144cz\u00f3w<\/p>\n<p>&nbsp;<\/p>\n<p class=\"rtecenter\" style=\"text-align: center;\"><strong>Centrala<\/strong>: 41 357 30 31<\/p>\n<p class=\"rtecenter\" style=\"text-align: center;\"><strong>Kontakt<\/strong>:\u00a0<a href=\"mailto:sekretariat@szpitalpinczow.pl\" target=\"_blank\" rel=\"noopener\">sekretariat@szpitalpinczow.pl<\/a><\/p>\n<p class=\"rtecenter\" style=\"text-align: center;\"><a href=\"http:\/\/szpitalpinczow.pl\/\" target=\"_blank\" rel=\"noopener\">www.szpitalpinczow.pl<\/a><\/p>\n<p>&nbsp;<\/p>\n<p class=\"rtecenter\" style=\"text-align: center;\"><strong>NIP<\/strong>: 662-15-18-570<\/p>\n<p class=\"rtecenter\" style=\"text-align: center;\"><strong>REGON<\/strong>: 000304289<\/p>\n<p class=\"rtecenter\" style=\"text-align: center;\"><strong>KRS<\/strong>: 0000039181<\/p>\n<p style=\"text-align: center;\">\n<\/div>\n<\/div>\n<\/div>\n<p>&nbsp;<\/p>\n<p>&nbsp;<\/p>\n","protected":false},"excerpt":{"rendered":"<p>Informacje Og\u00f3lne \u00a0Zesp\u00f3\u0142 Opieki Zdrowotnej w Pi\u0144czowie ul. Armii Krajowej 22, 28-400 Pi\u0144cz\u00f3w &nbsp; Centrala: 41 357 30 31 Kontakt:\u00a0sekretariat@szpitalpinczow.pl www.szpitalpinczow.pl &nbsp; NIP: 662-15-18-570 REGON: 000304289 KRS: 0000039181 &nbsp; &nbsp;<\/p>\n","protected":false},"author":1,"featured_media":0,"parent":0,"menu_order":0,"comment_status":"closed","ping_status":"closed","template":"","meta":[],"_links":{"self":[{"href":"http:\/\/szpitalpinczow.pl\/index.php?rest_route=\/wp\/v2\/pages\/56"}],"collection":[{"href":"http:\/\/szpitalpinczow.pl\/index.php?rest_route=\/wp\/v2\/pages"}],"about":[{"href":"http:\/\/szpitalpinczow.pl\/index.php?rest_route=\/wp\/v2\/types\/page"}],"author":[{"embeddable":true,"href":"http:\/\/szpitalpinczow.pl\/index.php?rest_route=\/wp\/v2\/users\/1"}],"replies":[{"embeddable":true,"href":"http:\/\/szpitalpinczow.pl\/index.php?rest_route=%2Fwp%2Fv2%2Fcomments&post=56"}],"version-history":[{"count":8,"href":"http:\/\/szpitalpinczow.pl\/index.php?rest_route=\/wp\/v2\/pages\/56\/revisions"}],"predecessor-version":[{"id":334,"href":"http:\/\/szpitalpinczow.pl\/index.php?rest_route=\/wp\/v2\/pages\/56\/revisions\/334"}],"wp:attachment":[{"href":"http:\/\/szpitalpinczow.pl\/index.php?rest_route=%2Fwp%2Fv2%2Fmedia&parent=56"}],"curies":[{"name":"wp","href":"https:\/\/api.w.org\/{rel}","templated":true}]}}