{"id":5278,"date":"2026-02-02T11:52:32","date_gmt":"2026-02-02T11:52:32","guid":{"rendered":"http:\/\/szpitalpinczow.pl\/?page_id=5278"},"modified":"2026-02-02T11:52:32","modified_gmt":"2026-02-02T11:52:32","slug":"ogloszenie-konkursu-na-stanowisko-dyrektora-zespolu-opieki-zdrowotnej-w-pinczowie","status":"publish","type":"page","link":"http:\/\/szpitalpinczow.pl\/?page_id=5278","title":{"rendered":"Og\u0142oszenie konkursu na stanowisko Dyrektora Zespo\u0142u Opieki Zdrowotnej w Pi\u0144czowie"},"content":{"rendered":"\n<div class=\"wp-block-file\"><object class=\"wp-block-file__embed\" data=\"http:\/\/szpitalpinczow.pl\/wp-content\/uploads\/2026\/02\/ogl.-konkurs-Dyr.-ZOZ-w-Pinczowie1.pdf\" type=\"application\/pdf\" style=\"width:100%;height:600px\" aria-label=\"Osadzone z ogl.-konkurs-Dyr.-ZOZ-w-Pinczowie1.\"><\/object><a id=\"wp-block-file--media-cf84fdd5-8da6-4959-b7cc-65461f4824a2\" href=\"http:\/\/szpitalpinczow.pl\/wp-content\/uploads\/2026\/02\/ogl.-konkurs-Dyr.-ZOZ-w-Pinczowie1.pdf\">ogl.-konkurs-Dyr.-ZOZ-w-Pinczowie1<\/a><a href=\"http:\/\/szpitalpinczow.pl\/wp-content\/uploads\/2026\/02\/ogl.-konkurs-Dyr.-ZOZ-w-Pinczowie1.pdf\" class=\"wp-block-file__button wp-element-button\" download aria-describedby=\"wp-block-file--media-cf84fdd5-8da6-4959-b7cc-65461f4824a2\">Pobierz<\/a><\/div>\n\n\n\n<div class=\"wp-block-file\"><a id=\"wp-block-file--media-be7bf170-1ae8-4aa2-b4d5-8dc32ee89dfe\" href=\"http:\/\/szpitalpinczow.pl\/wp-content\/uploads\/2026\/02\/zalaczniki-do-2581.docx\">zalaczniki-do-2581<\/a><a href=\"http:\/\/szpitalpinczow.pl\/wp-content\/uploads\/2026\/02\/zalaczniki-do-2581.docx\" class=\"wp-block-file__button wp-element-button\" download aria-describedby=\"wp-block-file--media-be7bf170-1ae8-4aa2-b4d5-8dc32ee89dfe\">Pobierz<\/a><\/div>\n","protected":false},"excerpt":{"rendered":"","protected":false},"author":1,"featured_media":0,"parent":0,"menu_order":0,"comment_status":"closed","ping_status":"closed","template":"","meta":[],"_links":{"self":[{"href":"http:\/\/szpitalpinczow.pl\/index.php?rest_route=\/wp\/v2\/pages\/5278"}],"collection":[{"href":"http:\/\/szpitalpinczow.pl\/index.php?rest_route=\/wp\/v2\/pages"}],"about":[{"href":"http:\/\/szpitalpinczow.pl\/index.php?rest_route=\/wp\/v2\/types\/page"}],"author":[{"embeddable":true,"href":"http:\/\/szpitalpinczow.pl\/index.php?rest_route=\/wp\/v2\/users\/1"}],"replies":[{"embeddable":true,"href":"http:\/\/szpitalpinczow.pl\/index.php?rest_route=%2Fwp%2Fv2%2Fcomments&post=5278"}],"version-history":[{"count":1,"href":"http:\/\/szpitalpinczow.pl\/index.php?rest_route=\/wp\/v2\/pages\/5278\/revisions"}],"predecessor-version":[{"id":5281,"href":"http:\/\/szpitalpinczow.pl\/index.php?rest_route=\/wp\/v2\/pages\/5278\/revisions\/5281"}],"wp:attachment":[{"href":"http:\/\/szpitalpinczow.pl\/index.php?rest_route=%2Fwp%2Fv2%2Fmedia&parent=5278"}],"curies":[{"name":"wp","href":"https:\/\/api.w.org\/{rel}","templated":true}]}}